t j be k(-2). Let b = -4 - j. Suppose -6 = b*w - 18. Let i(n) = -3*n + 1. Determine i(w).
-8
Suppose 0 = -5*b + 5*h - 40, 3*b + 2*b + 30 = 3*h. Let i(t) = -t**3 - t**2 + 3*t + 3. Determine i(b).
12
Let l(r) = r**3 + 10*r**2 - 3*r + 3. Let g(a) = -a**3 - 11*a**2 + 3*a - 3. Let s(u) = 6*g(u) + 7*l(u). Give s(-5).
-7
Let y = 17 + -15. Let m(o) = 3*o**2 + y - 7*o + 6*o + o - 4*o. Calculate m(2).
6
Let c(d) = -2*d - 5. Let v be c(-3). Let i be (3/(-9))/(v/6). Let j(q) = 5*q - 2. Determine j(i).
-12
Let p = -1 + 4. Suppose p*u = -u. Let g(v) = v + 1. Give g(u).
1
Let k(d) = 7*d**2 - 5*d + 3. Let p(z) = 4*z**2 - 3*z + 1. Let u(c) = 3*k(c) - 5*p(c). Give u(3).
13
Let f(g) = -g**3 - 5*g - 7. Let t(x) = -x**2 + x + 1. Let h(s) = -f(s) - 6*t(s). Let b = 3 + -9. What is h(b)?
7
Let x(y) = -y**2 + 16*y - 2. Let h(u) = -u**2 + 15*u - 1. Let j(w) = -3*h(w) + 2*x(w). Let s be j(13). Let k(r) = -5*r**3. Determine k(s).
5
Let q(r) be the third derivative of -r**5/60 - r**4/12 - r**3/2 - 13*r**2. Calculate q(-2).
-3
Let h(z) = -5*z**2 + 2*z + 1. Let m(y) = y - 4. Let a be 0/2*(-4)/8. Let u be (5 - a) + (-1 - 1). Let j be m(u). What is h(j)?
-6
Let o(z) = 4*z**2 + 2*z**2 + 6*z - 35 - 5*z**2 + 38. Determine o(-4).
-5
Let b(m) be the first derivative of -m**3/3 - m**2/2 + m - 5. Let j = -59 - -57. What is b(j)?
-1
Let z(c) = -c**2 - 3*c - 1. Let h = 168 + -175. Calculate z(h).
-29
Let z(i) = 2*i - 12. Let t be z(6). Let k(d) = -96*d + 96*d + 2*d**2 - d**2. What is k(t)?
0
Suppose 9*h + 2*u = 4*h + 39, u = 2*h - 21. Let x(i) = -i + 11. Give x(h).
2
Let i = 6 - 11. Let s be 8*3*3/18. Let u(l) = -6*l**3 - 4*l**2 + 6*l + 10. Let q(d) = -5*d**3 - 4*d**2 + 6*d + 9. Let g(x) = s*u(x) - 5*q(x). Calculate g(i).
0
Let v(u) = -1. Let x(p) = -p - 2. Let s(o) = 3*v(o) - 3*x(o). Calculate s(-2).
-3
Let r = -15 - -12. Let i(p) = 5*p**3 + 6*p**2. Let c(a) = -a**3 - a**2 + 1. Let w(n) = -4*c(n) - i(n). Determine w(r).
5
Let s(a) = -a. Suppose -4*o = -3*o. Let m be s(o). Let w(v) = v**3 + v**2 + 5. Give w(m).
5
Let a = -9 - -15. Let x = 7 - a. Let c(m) = -8*m**2 - 2*m + 1. What is c(x)?
-9
Let n(q) be the second derivative of -q**5/20 + q**2/2 + 10*q. Suppose -3*y + 11 = -k, -4*k + 12 = -y + 1. Suppose 0 = 2*r + 2*r - k. Calculate n(r).
0
Let x(t) be the first derivative of 11*t**2/2 - 3. Let o(i) = 4*i. Let a(u) = 8*o(u) - 3*x(u). Determine a(6).
-6
Let w(j) = j**2 - 8*j + 8. Suppose o + v - 4 = 0, 0 = 2*v + 7 - 1. Let g be w(o). Let n = g + 4. Let z(y) = -y**2 + 7*y - 4. Determine z(n).
6
Let r(l) = 4*l**3 - 9*l**2 + 5*l + 2. Let x(p) = -9*p**3 + 19*p**2 - 10*p - 5. Let w(d) = -7*r(d) - 3*x(d). Give w(5).
1
Let l(m) = m + 7. Let d be l(-4). Let q(p) = -2*p**2 + 5*p - 3. Calculate q(d).
-6
Let z(g) = g**3 + 4*g**2 + 3*g + 1. Let d(b) = b**3 + 9*b**2 - 9*b + 10. Suppose -7*o = -2*o + 50. Let q be d(o). Suppose 2*f - 2 + 8 = q. Give z(f).
1
Let o(f) = 3*f**2 - 7. Let p(q) = 7*q**2 - q - 15. Let g(t) = -5*o(t) + 2*p(t). Give g(-4).
-3
Let s(c) = c - 5. Let t(g) = g**3 - 2*g**2 + 4*g - 3. Let a be t(2). Suppose 0 = -3*f + 9, -a*h - 5*f + 64 - 19 = 0. Calculate s(h).
1
Let c = 4 - 3. Suppose -3*l + c + 2 = 0. Let h(k) be the third derivative of -k**4/4 - k**3/6 - 2*k**2. Determine h(l).
-7
Suppose 4*w + 34 = -2*d, -4*w = -2*d + 6 - 0. Let v(c) = c + 5. Determine v(d).
-2
Let u(a) = -14*a**2 + 17*a - 17. Let w(m) = 5*m**2 - 6*m + 6. Let p(g) = -6*u(g) - 17*w(g). Let l(s) = -9*s + 92. Let r be l(10). Determine p(r).
-4
Let n(j) = -j**3 - 3*j**2 - j + 2. Let r(s) be the third derivative of s**6/120 + s**4/24 - 5*s**3/6 + 2*s**2. Let f be r(0). Let k = f + 2. Give n(k).
5
Suppose 0 = 2*n - 6*n + 48. Let q = n - 7. Let t(a) = 7*a**2 - 6*a + 11. Let x(m) = 6*m**2 - 6*m + 10. Let l(i) = -5*t(i) + 6*x(i). Calculate l(q).
0
Let g(q) = 1 - q**3 - 3 - q**2 + 2*q**2. Suppose -8 = -a + 3*n, 2*n - n + 6 = 2*a. Give g(a).
-6
Let a(y) = -57 + 2*y**2 + 58 - 3*y**2 + 2*y**2. Calculate a(-3).
10
Let q(w) = -w**3 + 2*w**2 + 2*w - 1. Let s be q(2). Let d be 0*(s + -1)/(-2). Let x(b) = b**2 - b + 8. Determine x(d).
8
Let n be (-3 - -7) + -5 + 0 + 9. Let z(r) = -r**2 + 9*r + 1. Give z(n).
9
Let y(m) = -3*m**3 + 8 + 2*m**3 - m**3 + 3*m**3. What is y(0)?
8
Let o(u) = u**2 + 9*u + 3. Let s(x) = 2*x**2 + 19*x + 7. Let n(b) = -5*o(b) + 2*s(b). Determine n(-7).
-1
Suppose 2*r - 6*r = -12. Suppose -5*h + 2 = -r. Let n be 5*1*(h + -2). Let d(f) = f**2 + 4*f + 1. Calculate d(n).
6
Let r(d) = -d**2 + 6*d + 7. Suppose -4*v + 0*v - 44 = 0. Let o = -7 - v. Suppose k - 1 = o. Calculate r(k).
12
Let c(y) = y**3 - 2*y**2 + 2*y - 2. Let k be (7 - 1)/3 - -10. Suppose -3*f + k = f. Let p(a) = -a**3 + 4*a**2 - 3*a + 2. Let x be p(f). Determine c(x).
2
Let b(x) = x - 14. Let o(m) = 1 + 4*m - 2*m - 15. Let t(l) = 3*b(l) - 2*o(l). Let a = -211 + 205. What is t(a)?
-8
Let f be (48/33)/8 - (-70)/(-22). Let k(m) = m**2 + m. Give k(f).
6
Let g(y) = y**3 - y**2 - 2*y + 3. Let l be g(0). Let s(u) = -4*u**3 + 3*u**2 - 2. Let a(j) = j**3 + j. Let v(o) = -3*a(o) - s(o). What is v(l)?
-7
Suppose 3*y - 13 = 4*f, 2*y - f = -3 + 10. Let x(k) = 3*k**3 + 2*k**2 + 5 - 2*k**y + 2*k**2. Give x(-4).
5
Let q(d) be the first derivative of d**7/840 - d**6/90 - d**5/15 + 7*d**4/24 - 5*d**3/3 - 5. Let n(k) be the third derivative of q(k). Give n(5).
-8
Let b(j) = j - 7. Let i = 9 + -4. Suppose 11 = i*t - 9. Determine b(t).
-3
Let b(a) = 5*a**3 - a**2 + a - 1. Let n be b(1). Let g(i) = -8 - i - i + n + 8. Let t be (1/(-5) - -1)*5. Give g(t).
-4
Let l(t) be the third derivative of t**5/60 - t**4/24 + t**3/3 + 63*t**2. What is l(3)?
8
Let u = -4 + 2. Let r(g) = -3*g - 3. Calculate r(u).
3
Let z(g) = -4*g**3 + 11*g**2 + 4*g - 4. Let w(d) = -d**2 + 1 - 2*d**3 + 3*d**3 + 18*d - 19*d. Let y(n) = 5*w(n) + z(n). Give y(-6).
7
Let s be (-8)/(-6)*(-3)/2. Let q = 2 + s. Let p(i) = -6 + 0*i + i - i**3 + 0*i**3. Determine p(q).
-6
Suppose 4*d + 1 = -3. Let y(b) = -b**3 - 4*b**2 + 2*b + 5. Let g be y(-4). Let f = g - d. Let z(u) = -2*u**2 - 3*u - 3. Calculate z(f).
-5
Let g(d) = -d + 1. Let w(o) be the first derivative of o**3/3 + 11*o**2/2 - 2*o - 5. Let k(x) = 6*g(x) + w(x). What is k(-4)?
0
Suppose 3*q - 5*i - 17 = 0, 2*q = 6*q + 4*i - 12. Let l(f) = -f**3 + 3*f**2 + 5*f - 4. What is l(q)?
0
Let f(l) = l**2 + 13 + 4 + 9*l - 8. Determine f(-6).
-9
Let o be (12/18)/(4/6). Suppose -i - 5*c = 5, -c = 2*i + 2*i + o. Let d(q) = -q + 3 - q**2 - 4*q**2 + 4*q**2. Determine d(i).
3
Suppose 3*x - 18 = -0*x. Let j(k) = k**3 - 5 - x*k + 2*k + 2*k + k. What is j(0)?
-5
Let n(w) = -w - 4. Let x be n(-6). Suppose 0 = -x*z + z - 2. Let y(a) = -2*a**3 - 3*a**2 - 4*a - 2. Calculate y(z).
10
Let g(i) = -i**2 + 2*i + 1. Suppose o + 16 = 5*o. Determine g(o).
-7
Let h(t) = -8*t**3 + t**2. Let f(d) = d**3 + d**2 + 2. Let l be f(0). Suppose m - 2*m = -4. Suppose -m*c - l = 2. Calculate h(c).
9
Let q be (-4 + 39/12)*-4 - -3. Let s = 11 - 7. Let c(t) = -6*t + 8. Let x(i) = -5*i + 9. Let f(z) = s*c(z) - 5*x(z). Give f(q).
-7
Let n(u) = 121*u + 2 - 120*u - 3. What is n(6)?
5
Suppose 2*j - 3*j + 5*m = -15, -3*j = 4*m + 31. Let b(u) = -u**2 - 7*u - 7. What is b(j)?
3
Let x(s) = -7*s**2 - 9. Let f(m) = 13*m**2 + m + 17. Let o(c) = 6*f(c) + 11*x(c). Give o(-5).
-2
Let d(x) be the second derivative of -x**3/6 + 3*x**2 - x. Suppose -3*u + 8 = -7. Give d(u).
1
Let i(g) = 2*g**2 + 5*g + 1. Let r(q) = q**2 - 4*q - 1. Let x be r(3). Let k(c) = -2*c**2 - 6*c - 1. Let h(l) = x*i(l) - 3*k(l). What is h(-2)?
-5
Let i(t) = -t**2 + 3*t. Let c be (-31)/(-3) - (-1)/(-3). Let u = c + -8. Let w be i(u). Let p(o) = -o**3 + o**2. Give p(w).
-4
Let s be ((-6)/5)/((-4)/10). Let u(n) = -2 + 964*n - n**2 - 964*n. Calculate u(s).
-11
Let x(a) = -a**3 + 5*a**2 + 4*a + 12. Let t be x(6). Let v(l) = l**2 - l + 4. Determine v(t).
4
Suppose -r - k + 4*k = 3, 0 = -2*r + 3*k. Suppose -5*o + 4 = -6. Let b be (0 + o)/((-2)/r). Let v(f) = 3*f + 1. What is v(b)?
-8
Let s(i) = i**3 - 2*i**2 - i - 4. Let o(p) = p**3 + 7*p**2 + 7*p + 9. Let d be o(-6). Determine s(d).
2
Suppose -4 = 3*s - 13. Suppose 6*y + 35 = 4*r + 3*y, 0 = 5*r + 5*y. Let n(d) = -r + d + 5. Determine n(s).
3
Suppose -2*y - c = -6, 1 = -3*y - 3*c + 4. Let h(w) = -w**3 + 4*w**2 + 5*w - 1. Give h(y).
-1
Suppose -2*o = -o + 2. Let d(i) be the second derivative of -i